{"id":90,"date":"2026-01-08T23:50:53","date_gmt":"2026-01-09T02:50:53","guid":{"rendered":"https:\/\/trevo.us\/coletivo\/?page_id=90"},"modified":"2026-01-08T23:50:53","modified_gmt":"2026-01-09T02:50:53","slug":"coletivo-trevous","status":"publish","type":"page","link":"https:\/\/trevo.us\/coletivo\/","title":{"rendered":"Coletivo TREVOUS"},"content":{"rendered":"<div class=\"wpb-content-wrapper\"><p>[vc_section css=&#8221;.vc_custom_1767919544773{margin-top: 80px !important;}&#8221;]<div id=\"tdi_1\" class=\"tdc-row\"><div class=\"vc_row vc_custom_1756335041941 tdi_2  wpb_row td-pb-row\" >\n<style scoped>\n\/* custom css - generated by TagDiv Composer *\/\n\n\/* tdc_composer_block - inline css att *\/\n.vc_custom_1756335041941{margin-bottom: 50px !important;}\n\/* custom css - generated by TagDiv Composer *\/\n.tdi_2,\r\n                .tdi_2 .tdc-columns{\r\n                    min-height: 0;\r\n                }.tdi_2,\r\n\t\t\t\t.tdi_2 .tdc-columns{\r\n\t\t\t\t    display: block;\r\n\t\t\t\t}.tdi_2 .tdc-columns{\r\n\t\t\t\t    width: 100%;\r\n\t\t\t\t}.tdi_2:before,\r\n\t\t\t\t.tdi_2:after{\r\n\t\t\t\t    display: table;\r\n\t\t\t\t}\n<\/style><div class=\"vc_column tdi_4  wpb_column vc_column_container tdc-column td-pb-span6\">\n<style scoped>\n\/* custom css - generated by TagDiv Composer *\/\n\n\/* custom css - generated by TagDiv Composer *\/\n.tdi_4{\r\n                    vertical-align: baseline;\r\n                }.tdi_4 > .wpb_wrapper,\r\n\t\t\t\t.tdi_4 > .wpb_wrapper > .tdc-elements{\r\n\t\t\t\t    display: block;\r\n\t\t\t\t}.tdi_4 > .wpb_wrapper > .tdc-elements{\r\n\t\t\t\t    width: 100%;\r\n\t\t\t\t}.tdi_4 > .wpb_wrapper > .vc_row_inner{\r\n\t\t\t\t    width: auto;\r\n\t\t\t\t}.tdi_4 > .wpb_wrapper{\r\n\t\t\t\t    width: auto;\r\n\t\t\t\t    height: auto;\r\n\t\t\t\t}\n<\/style><div class=\"wpb_wrapper\" >[vc_single_image image=&#8221;95&#8243; img_size=&#8221;full&#8221; alignment=&#8221;center&#8221; css=&#8221;&#8221;]<\/div><\/div><div class=\"vc_column tdi_6  wpb_column vc_column_container tdc-column td-pb-span6\">\n<style scoped>\n\/* custom css - generated by TagDiv Composer *\/\n\n\/* custom css - generated by TagDiv Composer *\/\n.tdi_6{\r\n                    vertical-align: baseline;\r\n                }.tdi_6 > .wpb_wrapper,\r\n\t\t\t\t.tdi_6 > .wpb_wrapper > .tdc-elements{\r\n\t\t\t\t    display: block;\r\n\t\t\t\t}.tdi_6 > .wpb_wrapper > .tdc-elements{\r\n\t\t\t\t    width: 100%;\r\n\t\t\t\t}.tdi_6 > .wpb_wrapper > .vc_row_inner{\r\n\t\t\t\t    width: auto;\r\n\t\t\t\t}.tdi_6 > .wpb_wrapper{\r\n\t\t\t\t    width: auto;\r\n\t\t\t\t    height: auto;\r\n\t\t\t\t}\n<\/style><div class=\"wpb_wrapper\" >[vc_column_text css=&#8221;.vc_custom_1756307172280{margin-top: 120px !important;}&#8221;]<span style=\"font-size: 16pt;\">Reunimos pessoas interessadas em\u00a0<strong>contribuir<\/strong> na produ\u00e7\u00e3o de <strong>conte\u00fado audiovisual<\/strong>, promovendo a<strong> energia coletiva <\/strong>e a diversidade de pontos de vista. Atrav\u00e9s da produ\u00e7\u00e3o de filmes, fotografias, m\u00fasicas, arte, textos, ilustra\u00e7\u00f5es ou qualquer outra <strong>manifesta\u00e7\u00e3o\u00a0<\/strong>art\u00edstica<strong> independente.<\/strong><\/span>[\/vc_column_text]<\/div><\/div><\/div><\/div>[\/vc_section]<div id=\"tdi_7\" class=\"tdc-row stretch_row_content\"><div class=\"vc_row vc_custom_1756334720867 tdi_8  wpb_row td-pb-row\" >\n<style scoped>\n\/* custom css - generated by TagDiv Composer *\/\n\n\/* tdc_composer_block - inline css att *\/\n.vc_custom_1756334720867{background-color: #000000 !important;}\n\/* custom css - generated by TagDiv Composer *\/\n.tdi_8,\r\n                .tdi_8 .tdc-columns{\r\n                    min-height: 0;\r\n                }.tdi_8,\r\n\t\t\t\t.tdi_8 .tdc-columns{\r\n\t\t\t\t    display: block;\r\n\t\t\t\t}.tdi_8 .tdc-columns{\r\n\t\t\t\t    width: 100%;\r\n\t\t\t\t}.tdi_8:before,\r\n\t\t\t\t.tdi_8:after{\r\n\t\t\t\t    display: table;\r\n\t\t\t\t}\n<\/style><div class=\"vc_column tdi_10  wpb_column vc_column_container tdc-column td-pb-span4\">\n<style scoped>\n\/* custom css - generated by TagDiv Composer *\/\n\n\/* custom css - generated by TagDiv Composer *\/\n.tdi_10{\r\n                    vertical-align: baseline;\r\n                }.tdi_10 > .wpb_wrapper,\r\n\t\t\t\t.tdi_10 > .wpb_wrapper > .tdc-elements{\r\n\t\t\t\t    display: block;\r\n\t\t\t\t}.tdi_10 > .wpb_wrapper > .tdc-elements{\r\n\t\t\t\t    width: 100%;\r\n\t\t\t\t}.tdi_10 > .wpb_wrapper > .vc_row_inner{\r\n\t\t\t\t    width: auto;\r\n\t\t\t\t}.tdi_10 > .wpb_wrapper{\r\n\t\t\t\t    width: auto;\r\n\t\t\t\t    height: auto;\r\n\t\t\t\t}\n<\/style><div class=\"wpb_wrapper\" ><\/div><\/div><div class=\"vc_column tdi_12  wpb_column vc_column_container tdc-column td-pb-span4\">\n<style scoped>\n\/* custom css - generated by TagDiv Composer *\/\n\n\/* custom css - generated by TagDiv Composer *\/\n.tdi_12{\r\n                    vertical-align: baseline;\r\n                }.tdi_12 > .wpb_wrapper,\r\n\t\t\t\t.tdi_12 > .wpb_wrapper > .tdc-elements{\r\n\t\t\t\t    display: block;\r\n\t\t\t\t}.tdi_12 > .wpb_wrapper > .tdc-elements{\r\n\t\t\t\t    width: 100%;\r\n\t\t\t\t}.tdi_12 > .wpb_wrapper > .vc_row_inner{\r\n\t\t\t\t    width: auto;\r\n\t\t\t\t}.tdi_12 > .wpb_wrapper{\r\n\t\t\t\t    width: auto;\r\n\t\t\t\t    height: auto;\r\n\t\t\t\t}\n<\/style><div class=\"wpb_wrapper\" ><div class=\"wpb_wrapper td_block_empty_space td_block_wrap vc_empty_space tdi_14 \"  style=\"height: 80px\"><\/div>[vc_column_text css=&#8221;&#8221;]<span style=\"font-size: 18pt; color: #ffffff;\"><strong><span style=\"font-size: 24pt;\">\u201c<\/span><\/strong>Mais do que recursos ou estrutura, \u00e9 o esfor\u00e7o <strong>coletivo<\/strong> que torna qualquer produ\u00e7\u00e3o poss\u00edvel.<span style=\"font-size: 24pt;\"><strong>\u201d<\/strong><\/span><\/span><\/p>\r\n<h5 style=\"text-align: right;\"><span style=\"color: #43b7c4;\"><span style=\"color: #c9c9c9;\"><strong><span style=\"font-size: 18pt;\">Vin\u00edcius Tamer<\/span><\/strong><\/span><br \/>\r\n<span style=\"font-size: 12pt; color: #ffffff;\">Fundador do Coletivo TREVOUS<\/span><\/span><\/h5>\r\n<p>[\/vc_column_text]<div class=\"wpb_wrapper td_block_empty_space td_block_wrap vc_empty_space tdi_16 \"  style=\"height: 35px\"><\/div><\/div><\/div><div class=\"vc_column tdi_18  wpb_column vc_column_container tdc-column td-pb-span4\">\n<style scoped>\n\/* custom css - generated by TagDiv Composer *\/\n\n\/* custom css - generated by TagDiv Composer *\/\n.tdi_18{\r\n                    vertical-align: baseline;\r\n                }.tdi_18 > .wpb_wrapper,\r\n\t\t\t\t.tdi_18 > .wpb_wrapper > .tdc-elements{\r\n\t\t\t\t    display: block;\r\n\t\t\t\t}.tdi_18 > .wpb_wrapper > .tdc-elements{\r\n\t\t\t\t    width: 100%;\r\n\t\t\t\t}.tdi_18 > .wpb_wrapper > .vc_row_inner{\r\n\t\t\t\t    width: auto;\r\n\t\t\t\t}.tdi_18 > .wpb_wrapper{\r\n\t\t\t\t    width: auto;\r\n\t\t\t\t    height: auto;\r\n\t\t\t\t}\n<\/style><div class=\"wpb_wrapper\" ><\/div><\/div><\/div><\/div>\r\n<\/div>","protected":false},"excerpt":{"rendered":"<p>[vc_section css=&#8221;.vc_custom_1767919544773{margin-top: 80px !important;}&#8221;][\/vc_section]<\/p>\n","protected":false},"author":1,"featured_media":0,"parent":0,"menu_order":0,"comment_status":"closed","ping_status":"closed","template":"","meta":{"_acf_changed":false,"wpupg_custom_link":[],"wpupg_custom_link_behaviour":["default"],"wpupg_custom_link_nofollow":["default"],"wpupg_custom_image":[],"wpupg_custom_image_id":[],"footnotes":""},"class_list":["post-90","page","type-page","status-publish"],"acf":[],"yoast_head":"<!-- This site is optimized with the Yoast SEO plugin v27.5 - https:\/\/yoast.com\/product\/yoast-seo-wordpress\/ -->\n<title>Coletivo TREVOUS - Coletivo TREVOUS<\/title>\n<meta name=\"description\" content=\"Coletivo TREVOUS: espa\u00e7o colaborativo para audiovisual, fotografia, roteiro e artes, com oportunidades de cria\u00e7\u00e3o, aprendizado e networking.\" \/>\n<meta name=\"robots\" content=\"index, follow, max-snippet:-1, max-image-preview:large, max-video-preview:-1\" \/>\n<link rel=\"canonical\" href=\"https:\/\/trevo.us\/coletivo\/\" \/>\n<meta property=\"og:locale\" content=\"pt_BR\" \/>\n<meta property=\"og:type\" content=\"article\" \/>\n<meta property=\"og:title\" content=\"Coletivo TREVOUS - Coletivo TREVOUS\" \/>\n<meta property=\"og:description\" content=\"Coletivo TREVOUS: espa\u00e7o colaborativo para audiovisual, fotografia, roteiro e artes, com oportunidades de cria\u00e7\u00e3o, aprendizado e networking.\" \/>\n<meta property=\"og:url\" content=\"https:\/\/trevo.us\/coletivo\/\" \/>\n<meta property=\"og:site_name\" content=\"Coletivo TREVOUS\" \/>\n<meta name=\"twitter:card\" content=\"summary_large_image\" \/>\n<meta name=\"twitter:label1\" content=\"Est. tempo de leitura\" \/>\n\t<meta name=\"twitter:data1\" content=\"1 minuto\" \/>\n<script type=\"application\/ld+json\" class=\"yoast-schema-graph\">{\"@context\":\"https:\\\/\\\/schema.org\",\"@graph\":[{\"@type\":\"WebPage\",\"@id\":\"https:\\\/\\\/trevo.us\\\/coletivo\\\/\",\"url\":\"https:\\\/\\\/trevo.us\\\/coletivo\\\/\",\"name\":\"Coletivo TREVOUS - Coletivo TREVOUS\",\"isPartOf\":{\"@id\":\"https:\\\/\\\/trevo.us\\\/coletivo\\\/#website\"},\"datePublished\":\"2026-01-09T02:50:53+00:00\",\"description\":\"Coletivo TREVOUS: espa\u00e7o colaborativo para audiovisual, fotografia, roteiro e artes, com oportunidades de cria\u00e7\u00e3o, aprendizado e networking.\",\"breadcrumb\":{\"@id\":\"https:\\\/\\\/trevo.us\\\/coletivo\\\/#breadcrumb\"},\"inLanguage\":\"pt-BR\",\"potentialAction\":[{\"@type\":\"ReadAction\",\"target\":[\"https:\\\/\\\/trevo.us\\\/coletivo\\\/\"]}]},{\"@type\":\"BreadcrumbList\",\"@id\":\"https:\\\/\\\/trevo.us\\\/coletivo\\\/#breadcrumb\",\"itemListElement\":[{\"@type\":\"ListItem\",\"position\":1,\"name\":\"In\u00edcio\",\"item\":\"https:\\\/\\\/trevo.us\\\/coletivo\\\/\"},{\"@type\":\"ListItem\",\"position\":2,\"name\":\"Coletivo TREVOUS\"}]},{\"@type\":\"WebSite\",\"@id\":\"https:\\\/\\\/trevo.us\\\/coletivo\\\/#website\",\"url\":\"https:\\\/\\\/trevo.us\\\/coletivo\\\/\",\"name\":\"Coletivo TREVOUS\",\"description\":\"\",\"potentialAction\":[{\"@type\":\"SearchAction\",\"target\":{\"@type\":\"EntryPoint\",\"urlTemplate\":\"https:\\\/\\\/trevo.us\\\/coletivo\\\/?s={search_term_string}\"},\"query-input\":{\"@type\":\"PropertyValueSpecification\",\"valueRequired\":true,\"valueName\":\"search_term_string\"}}],\"inLanguage\":\"pt-BR\"}]}<\/script>\n<!-- \/ Yoast SEO plugin. -->","yoast_head_json":{"title":"Coletivo TREVOUS - Coletivo TREVOUS","description":"Coletivo TREVOUS: espa\u00e7o colaborativo para audiovisual, fotografia, roteiro e artes, com oportunidades de cria\u00e7\u00e3o, aprendizado e networking.","robots":{"index":"index","follow":"follow","max-snippet":"max-snippet:-1","max-image-preview":"max-image-preview:large","max-video-preview":"max-video-preview:-1"},"canonical":"https:\/\/trevo.us\/coletivo\/","og_locale":"pt_BR","og_type":"article","og_title":"Coletivo TREVOUS - Coletivo TREVOUS","og_description":"Coletivo TREVOUS: espa\u00e7o colaborativo para audiovisual, fotografia, roteiro e artes, com oportunidades de cria\u00e7\u00e3o, aprendizado e networking.","og_url":"https:\/\/trevo.us\/coletivo\/","og_site_name":"Coletivo TREVOUS","twitter_card":"summary_large_image","twitter_misc":{"Est. tempo de leitura":"1 minuto"},"schema":{"@context":"https:\/\/schema.org","@graph":[{"@type":"WebPage","@id":"https:\/\/trevo.us\/coletivo\/","url":"https:\/\/trevo.us\/coletivo\/","name":"Coletivo TREVOUS - Coletivo TREVOUS","isPartOf":{"@id":"https:\/\/trevo.us\/coletivo\/#website"},"datePublished":"2026-01-09T02:50:53+00:00","description":"Coletivo TREVOUS: espa\u00e7o colaborativo para audiovisual, fotografia, roteiro e artes, com oportunidades de cria\u00e7\u00e3o, aprendizado e networking.","breadcrumb":{"@id":"https:\/\/trevo.us\/coletivo\/#breadcrumb"},"inLanguage":"pt-BR","potentialAction":[{"@type":"ReadAction","target":["https:\/\/trevo.us\/coletivo\/"]}]},{"@type":"BreadcrumbList","@id":"https:\/\/trevo.us\/coletivo\/#breadcrumb","itemListElement":[{"@type":"ListItem","position":1,"name":"In\u00edcio","item":"https:\/\/trevo.us\/coletivo\/"},{"@type":"ListItem","position":2,"name":"Coletivo TREVOUS"}]},{"@type":"WebSite","@id":"https:\/\/trevo.us\/coletivo\/#website","url":"https:\/\/trevo.us\/coletivo\/","name":"Coletivo TREVOUS","description":"","potentialAction":[{"@type":"SearchAction","target":{"@type":"EntryPoint","urlTemplate":"https:\/\/trevo.us\/coletivo\/?s={search_term_string}"},"query-input":{"@type":"PropertyValueSpecification","valueRequired":true,"valueName":"search_term_string"}}],"inLanguage":"pt-BR"}]}},"_links":{"self":[{"href":"https:\/\/trevo.us\/coletivo\/wp-json\/wp\/v2\/pages\/90","targetHints":{"allow":["GET"]}}],"collection":[{"href":"https:\/\/trevo.us\/coletivo\/wp-json\/wp\/v2\/pages"}],"about":[{"href":"https:\/\/trevo.us\/coletivo\/wp-json\/wp\/v2\/types\/page"}],"author":[{"embeddable":true,"href":"https:\/\/trevo.us\/coletivo\/wp-json\/wp\/v2\/users\/1"}],"replies":[{"embeddable":true,"href":"https:\/\/trevo.us\/coletivo\/wp-json\/wp\/v2\/comments?post=90"}],"version-history":[{"count":3,"href":"https:\/\/trevo.us\/coletivo\/wp-json\/wp\/v2\/pages\/90\/revisions"}],"predecessor-version":[{"id":96,"href":"https:\/\/trevo.us\/coletivo\/wp-json\/wp\/v2\/pages\/90\/revisions\/96"}],"wp:attachment":[{"href":"https:\/\/trevo.us\/coletivo\/wp-json\/wp\/v2\/media?parent=90"}],"curies":[{"name":"wp","href":"https:\/\/api.w.org\/{rel}","templated":true}]}}