{"id":764,"date":"2024-10-10T11:27:58","date_gmt":"2024-10-10T11:27:58","guid":{"rendered":"http:\/\/cozinhatrevous.com.br\/?page_id=764"},"modified":"2025-12-15T22:25:01","modified_gmt":"2025-12-16T01:25:01","slug":"e-ai","status":"publish","type":"page","link":"https:\/\/trevo.us\/cozinha\/e-ai\/","title":{"rendered":"E a\u00ed? Bora cozinhar?"},"content":{"rendered":"<div class=\"wpb-content-wrapper\"><p>[vc_row][vc_column offset=&#8221;vc_hidden-lg&#8221;][vc_row_inner][vc_column_inner width=&#8221;1\/4&#8243;][\/vc_column_inner][vc_column_inner width=&#8221;1\/2&#8243;][vc_single_image image=&#8221;1631&#8243; img_size=&#8221;full&#8221; alignment=&#8221;center&#8221; css=&#8221;&#8221;][lab_heading title_tag=&#8221;H3&#8243; title=&#8221;E a\u00ed? Bora cozinhar?&#8221;][\/lab_heading][vc_column_text]<\/p>\n<p style=\"text-align: left;\">Nasci e cresci no <strong>Rio de Janeiro<\/strong>, onde a diversidade gastron\u00f4mica \u00e9 incr\u00edvel. Minhas <strong>mem\u00f3rias<\/strong> tem <strong>sabores<\/strong> diversos: de <strong>comida<\/strong> de rua a almo\u00e7os de domingo em fam\u00edlia. Minha fam\u00edlia \u00e9 a culpada por esse meu amor pela culin\u00e1ria. Minha m\u00e3e \u00e9 descendente de<strong> libaneses<\/strong>, respons\u00e1vel pelo apre\u00e7o \u00e0 comida \u00e1rabe. J\u00e1 meu pai era mineiro de <strong>Barbacena<\/strong>, preciso dizer mais alguma coisa? Agrade\u00e7o a essa dupla por me apresentar tantos pratos diversificados. Com essa base, n\u00e3o tive problemas para me adaptar a novos sabores ao longo dos anos.<\/p>\n<p>[\/vc_column_text][vc_column_text]<\/p>\n<p style=\"text-align: left;\">Ent\u00e3o, se voc\u00ea curte uma boa comida e est\u00e1 sempre em busca de novas <strong>aventuras culin\u00e1rias<\/strong>, voc\u00ea est\u00e1 no lugar certo! Vamos embarcar nessa jornada <strong>juntos<\/strong>, explorar sabores incr\u00edveis e aproveitar cada momento.\u00a0Como? Interagindo nos coment\u00e1rios aqui no site, <strong><a href=\"https:\/\/instagram.com\/cozinhatrevous\" target=\"_blank\" rel=\"noopener\">Instagram<\/a><\/strong>, <strong><a href=\"https:\/\/www.tiktok.com\/@cozinhatrevous\" target=\"_blank\" rel=\"noopener\">TikTok<\/a><\/strong> , <strong><a href=\"https:\/\/facebook.com\/cozinhatrevous\" target=\"_blank\" rel=\"noopener\">Facebook<\/a><\/strong> e no nosso canal no <strong><a href=\"https:\/\/youtube.com\/cozinhatrevous\" target=\"_blank\" rel=\"noopener\">YouTube<\/a><\/strong>.<\/p>\n<p>[\/vc_column_text][vc_column_text]Um Abra\u00e7o,<br \/>\n<strong>Vin\u00edcius Tamer<\/strong>[\/vc_column_text][\/vc_column_inner][vc_column_inner width=&#8221;1\/4&#8243;][\/vc_column_inner][\/vc_row_inner][\/vc_column][\/vc_row][vc_row css=&#8221;.vc_custom_1728831338393{padding-right: 40px !important;padding-left: 40px !important;}&#8221;][vc_column css=&#8221;.vc_custom_1711897414635{padding-right: 50px !important;padding-left: 50px !important;}&#8221; offset=&#8221;vc_hidden-md vc_hidden-sm vc_hidden-xs&#8221;][vc_empty_space][vc_row_inner][vc_column_inner width=&#8221;1\/3&#8243;][vc_single_image image=&#8221;1631&#8243; img_size=&#8221;full&#8221; alignment=&#8221;center&#8221; css=&#8221;&#8221;][\/vc_column_inner][vc_column_inner width=&#8221;2\/3&#8243;][lab_heading title_tag=&#8221;H3&#8243; title=&#8221;E a\u00ed? Bora cozinhar?&#8221;][\/lab_heading][vc_column_text]<\/p>\n<p style=\"text-align: left;\">Nasci e cresci no <strong>Rio de Janeiro<\/strong>, onde a diversidade gastron\u00f4mica \u00e9 incr\u00edvel. Minhas <strong>mem\u00f3rias<\/strong> tem <strong>sabores<\/strong> diversos: de <strong>comida<\/strong> de rua a almo\u00e7os de domingo em fam\u00edlia. Minha fam\u00edlia \u00e9 a culpada por esse meu amor pela culin\u00e1ria. Minha m\u00e3e \u00e9 descendente de<strong> libaneses<\/strong>, respons\u00e1vel pelo apre\u00e7o \u00e0 comida \u00e1rabe. J\u00e1 meu pai era mineiro de <strong>Barbacena<\/strong>, preciso dizer mais alguma coisa? Agrade\u00e7o a essa dupla por me apresentar tantos pratos diversificados. Com essa base, n\u00e3o tive problemas para me adaptar a novos sabores ao longo dos anos.<\/p>\n<p>[\/vc_column_text][vc_column_text]<\/p>\n<p style=\"text-align: left;\">Ent\u00e3o, se voc\u00ea curte uma boa comida e est\u00e1 sempre em busca de novas <strong>aventuras culin\u00e1rias<\/strong>, voc\u00ea est\u00e1 no lugar certo! Vamos embarcar nessa jornada <strong>juntos<\/strong>, explorar sabores incr\u00edveis e aproveitar cada momento.\u00a0Como? Interagindo nos coment\u00e1rios aqui no site, <strong><a href=\"https:\/\/instagram.com\/cozinhatrevous\" target=\"_blank\" rel=\"noopener\">Instagram<\/a><\/strong>, <strong><a href=\"https:\/\/www.tiktok.com\/@cozinhatrevous\" target=\"_blank\" rel=\"noopener\">TikTok<\/a><\/strong> , <strong><a href=\"https:\/\/facebook.com\/cozinhatrevous\" target=\"_blank\" rel=\"noopener\">Facebook<\/a><\/strong> e no nosso canal no <strong><a href=\"https:\/\/youtube.com\/cozinhatrevous\" target=\"_blank\" rel=\"noopener\">YouTube<\/a><\/strong>.<\/p>\n<p>[\/vc_column_text][vc_column_text]Um Abra\u00e7o,<br \/>\n<strong>Vin\u00edcius Tamer<\/strong>[\/vc_column_text][\/vc_column_inner][\/vc_row_inner][vc_empty_space height=&#8221;64px&#8221;][\/vc_column][\/vc_row]<\/p>\n<\/div>","protected":false},"excerpt":{"rendered":"<p>[vc_row][vc_column offset=&#8221;vc_hidden-lg&#8221;][vc_row_inner][vc_column_inner width=&#8221;1\/4&#8243;][\/vc_column_inner][vc_column_inner width=&#8221;1\/2&#8243;][vc_single_image image=&#8221;1631&#8243; img_size=&#8221;full&#8221; alignment=&#8221;center&#8221; css=&#8221;&#8221;][lab_heading title_tag=&#8221;H3&#8243; title=&#8221;E a\u00ed? Bora cozinhar?&#8221;][\/lab_heading][vc_column_text] Nasci e cresci no Rio de Janeiro, onde a diversidade gastron\u00f4mica \u00e9 incr\u00edvel. Minhas mem\u00f3rias tem sabores diversos: de comida de rua a almo\u00e7os de domingo em fam\u00edlia. Minha fam\u00edlia \u00e9 a culpada por esse meu amor pela culin\u00e1ria. Minha m\u00e3e \u00e9&hellip;<\/p>\n","protected":false},"author":1,"featured_media":1631,"parent":0,"menu_order":0,"comment_status":"closed","ping_status":"closed","template":"","meta":{"_acf_changed":false,"wpupg_custom_link":[],"wpupg_custom_link_behaviour":["default"],"wpupg_custom_link_nofollow":["default"],"wpupg_custom_image":[],"wpupg_custom_image_id":[],"wprm-recipe-roundup-name":"","wprm-recipe-roundup-description":"","footnotes":"","_links_to":"","_links_to_target":""},"class_list":["post-764","page","type-page","status-publish","has-post-thumbnail","hentry"],"acf":[],"yoast_head":"<!-- This site is optimized with the Yoast SEO plugin v27.6 - https:\/\/yoast.com\/product\/yoast-seo-wordpress\/ -->\n<title>E a\u00ed? Bora cozinhar? - Cozinha TREVOUS<\/title>\n<meta name=\"description\" content=\"Receitas simples da Cozinha TREVOUS para sua Cozinha!\" \/>\n<meta name=\"robots\" content=\"index, follow, max-snippet:-1, max-image-preview:large, max-video-preview:-1\" \/>\n<link rel=\"canonical\" href=\"https:\/\/trevo.us\/cozinha\/e-ai\/\" \/>\n<meta property=\"og:locale\" content=\"pt_BR\" \/>\n<meta property=\"og:type\" content=\"article\" \/>\n<meta property=\"og:title\" content=\"E a\u00ed? Bora cozinhar? - Cozinha TREVOUS\" \/>\n<meta property=\"og:description\" content=\"Receitas simples da Cozinha TREVOUS para sua Cozinha!\" \/>\n<meta property=\"og:url\" content=\"https:\/\/trevo.us\/cozinha\/e-ai\/\" \/>\n<meta property=\"og:site_name\" content=\"Cozinha TREVOUS\" \/>\n<meta property=\"article:modified_time\" content=\"2025-12-16T01:25:01+00:00\" \/>\n<meta property=\"og:image\" content=\"https:\/\/trevo.us\/cozinha\/wp-content\/uploads\/sites\/6\/2025\/12\/vini-2025-m-scaled.jpg\" \/>\n\t<meta property=\"og:image:width\" content=\"1707\" \/>\n\t<meta property=\"og:image:height\" content=\"2560\" \/>\n\t<meta property=\"og:image:type\" content=\"image\/jpeg\" \/>\n<meta name=\"twitter:card\" content=\"summary_large_image\" \/>\n<meta name=\"twitter:label1\" content=\"Est. tempo de leitura\" \/>\n\t<meta name=\"twitter:data1\" content=\"3 minutos\" \/>\n<script type=\"application\/ld+json\" class=\"yoast-schema-graph\">{\"@context\":\"https:\\\/\\\/schema.org\",\"@graph\":[{\"@type\":\"WebPage\",\"@id\":\"https:\\\/\\\/trevo.us\\\/cozinha\\\/e-ai\\\/\",\"url\":\"https:\\\/\\\/trevo.us\\\/cozinha\\\/e-ai\\\/\",\"name\":\"E a\u00ed? Bora cozinhar? - Cozinha TREVOUS\",\"isPartOf\":{\"@id\":\"https:\\\/\\\/trevo.us\\\/cozinha\\\/#website\"},\"primaryImageOfPage\":{\"@id\":\"https:\\\/\\\/trevo.us\\\/cozinha\\\/e-ai\\\/#primaryimage\"},\"image\":{\"@id\":\"https:\\\/\\\/trevo.us\\\/cozinha\\\/e-ai\\\/#primaryimage\"},\"thumbnailUrl\":\"https:\\\/\\\/trevo.us\\\/cozinha\\\/wp-content\\\/uploads\\\/sites\\\/6\\\/2025\\\/12\\\/vini-2025-m-scaled.jpg\",\"datePublished\":\"2024-10-10T11:27:58+00:00\",\"dateModified\":\"2025-12-16T01:25:01+00:00\",\"description\":\"Receitas simples da Cozinha TREVOUS para sua Cozinha!\",\"breadcrumb\":{\"@id\":\"https:\\\/\\\/trevo.us\\\/cozinha\\\/e-ai\\\/#breadcrumb\"},\"inLanguage\":\"pt-BR\",\"potentialAction\":[{\"@type\":\"ReadAction\",\"target\":[\"https:\\\/\\\/trevo.us\\\/cozinha\\\/e-ai\\\/\"]}]},{\"@type\":\"ImageObject\",\"inLanguage\":\"pt-BR\",\"@id\":\"https:\\\/\\\/trevo.us\\\/cozinha\\\/e-ai\\\/#primaryimage\",\"url\":\"https:\\\/\\\/trevo.us\\\/cozinha\\\/wp-content\\\/uploads\\\/sites\\\/6\\\/2025\\\/12\\\/vini-2025-m-scaled.jpg\",\"contentUrl\":\"https:\\\/\\\/trevo.us\\\/cozinha\\\/wp-content\\\/uploads\\\/sites\\\/6\\\/2025\\\/12\\\/vini-2025-m-scaled.jpg\",\"width\":1707,\"height\":2560},{\"@type\":\"BreadcrumbList\",\"@id\":\"https:\\\/\\\/trevo.us\\\/cozinha\\\/e-ai\\\/#breadcrumb\",\"itemListElement\":[{\"@type\":\"ListItem\",\"position\":1,\"name\":\"In\u00edcio\",\"item\":\"https:\\\/\\\/trevo.us\\\/cozinha\\\/\"},{\"@type\":\"ListItem\",\"position\":2,\"name\":\"E a\u00ed? Bora cozinhar?\"}]},{\"@type\":\"WebSite\",\"@id\":\"https:\\\/\\\/trevo.us\\\/cozinha\\\/#website\",\"url\":\"https:\\\/\\\/trevo.us\\\/cozinha\\\/\",\"name\":\"Cozinha TREVOUS\",\"description\":\"\",\"potentialAction\":[{\"@type\":\"SearchAction\",\"target\":{\"@type\":\"EntryPoint\",\"urlTemplate\":\"https:\\\/\\\/trevo.us\\\/cozinha\\\/?s={search_term_string}\"},\"query-input\":{\"@type\":\"PropertyValueSpecification\",\"valueRequired\":true,\"valueName\":\"search_term_string\"}}],\"inLanguage\":\"pt-BR\"}]}<\/script>\n<!-- \/ Yoast SEO plugin. -->","yoast_head_json":{"title":"E a\u00ed? Bora cozinhar? - Cozinha TREVOUS","description":"Receitas simples da Cozinha TREVOUS para sua Cozinha!","robots":{"index":"index","follow":"follow","max-snippet":"max-snippet:-1","max-image-preview":"max-image-preview:large","max-video-preview":"max-video-preview:-1"},"canonical":"https:\/\/trevo.us\/cozinha\/e-ai\/","og_locale":"pt_BR","og_type":"article","og_title":"E a\u00ed? Bora cozinhar? - Cozinha TREVOUS","og_description":"Receitas simples da Cozinha TREVOUS para sua Cozinha!","og_url":"https:\/\/trevo.us\/cozinha\/e-ai\/","og_site_name":"Cozinha TREVOUS","article_modified_time":"2025-12-16T01:25:01+00:00","og_image":[{"width":1707,"height":2560,"url":"https:\/\/trevo.us\/cozinha\/wp-content\/uploads\/sites\/6\/2025\/12\/vini-2025-m-scaled.jpg","type":"image\/jpeg"}],"twitter_card":"summary_large_image","twitter_misc":{"Est. tempo de leitura":"3 minutos"},"schema":{"@context":"https:\/\/schema.org","@graph":[{"@type":"WebPage","@id":"https:\/\/trevo.us\/cozinha\/e-ai\/","url":"https:\/\/trevo.us\/cozinha\/e-ai\/","name":"E a\u00ed? Bora cozinhar? - Cozinha TREVOUS","isPartOf":{"@id":"https:\/\/trevo.us\/cozinha\/#website"},"primaryImageOfPage":{"@id":"https:\/\/trevo.us\/cozinha\/e-ai\/#primaryimage"},"image":{"@id":"https:\/\/trevo.us\/cozinha\/e-ai\/#primaryimage"},"thumbnailUrl":"https:\/\/trevo.us\/cozinha\/wp-content\/uploads\/sites\/6\/2025\/12\/vini-2025-m-scaled.jpg","datePublished":"2024-10-10T11:27:58+00:00","dateModified":"2025-12-16T01:25:01+00:00","description":"Receitas simples da Cozinha TREVOUS para sua Cozinha!","breadcrumb":{"@id":"https:\/\/trevo.us\/cozinha\/e-ai\/#breadcrumb"},"inLanguage":"pt-BR","potentialAction":[{"@type":"ReadAction","target":["https:\/\/trevo.us\/cozinha\/e-ai\/"]}]},{"@type":"ImageObject","inLanguage":"pt-BR","@id":"https:\/\/trevo.us\/cozinha\/e-ai\/#primaryimage","url":"https:\/\/trevo.us\/cozinha\/wp-content\/uploads\/sites\/6\/2025\/12\/vini-2025-m-scaled.jpg","contentUrl":"https:\/\/trevo.us\/cozinha\/wp-content\/uploads\/sites\/6\/2025\/12\/vini-2025-m-scaled.jpg","width":1707,"height":2560},{"@type":"BreadcrumbList","@id":"https:\/\/trevo.us\/cozinha\/e-ai\/#breadcrumb","itemListElement":[{"@type":"ListItem","position":1,"name":"In\u00edcio","item":"https:\/\/trevo.us\/cozinha\/"},{"@type":"ListItem","position":2,"name":"E a\u00ed? Bora cozinhar?"}]},{"@type":"WebSite","@id":"https:\/\/trevo.us\/cozinha\/#website","url":"https:\/\/trevo.us\/cozinha\/","name":"Cozinha TREVOUS","description":"","potentialAction":[{"@type":"SearchAction","target":{"@type":"EntryPoint","urlTemplate":"https:\/\/trevo.us\/cozinha\/?s={search_term_string}"},"query-input":{"@type":"PropertyValueSpecification","valueRequired":true,"valueName":"search_term_string"}}],"inLanguage":"pt-BR"}]}},"wps_subtitle":"","_links":{"self":[{"href":"https:\/\/trevo.us\/cozinha\/wp-json\/wp\/v2\/pages\/764","targetHints":{"allow":["GET"]}}],"collection":[{"href":"https:\/\/trevo.us\/cozinha\/wp-json\/wp\/v2\/pages"}],"about":[{"href":"https:\/\/trevo.us\/cozinha\/wp-json\/wp\/v2\/types\/page"}],"author":[{"embeddable":true,"href":"https:\/\/trevo.us\/cozinha\/wp-json\/wp\/v2\/users\/1"}],"replies":[{"embeddable":true,"href":"https:\/\/trevo.us\/cozinha\/wp-json\/wp\/v2\/comments?post=764"}],"version-history":[{"count":6,"href":"https:\/\/trevo.us\/cozinha\/wp-json\/wp\/v2\/pages\/764\/revisions"}],"predecessor-version":[{"id":1640,"href":"https:\/\/trevo.us\/cozinha\/wp-json\/wp\/v2\/pages\/764\/revisions\/1640"}],"wp:featuredmedia":[{"embeddable":true,"href":"https:\/\/trevo.us\/cozinha\/wp-json\/wp\/v2\/media\/1631"}],"wp:attachment":[{"href":"https:\/\/trevo.us\/cozinha\/wp-json\/wp\/v2\/media?parent=764"}],"curies":[{"name":"wp","href":"https:\/\/api.w.org\/{rel}","templated":true}]}}